ors of z.
7, 353
Suppose -2*l - 4*y + 12184 = 0, 111*y - 114*y = -3*l + 18285. What are the prime factors of l?
2, 11, 277
Suppose -2*k - 3*g + 4675 = 0, 15*k + 2305 = 16*k - 5*g. List the prime factors of k.
2, 5, 233
Let p(g) = -3*g - 16. Let o = -59 + 53. Let a be p(o). Suppose -10 = -5*k, 2*b + a*b = 5*k + 290. What are the prime factors of b?
3, 5
Let r = -201 - -216. Suppose -9*t + 6*t = r, 3*t + 480 = n. List the prime factors of n.
3, 5, 31
Suppose 3*w = 2*i - 84, 7*i + 3*w = 2*i + 210. Let u = -374 + 408. Suppose -4*v + u = -i. List the prime factors of v.
19
Suppose -109*f + 20 = -105*f. Suppose -1112 = -f*a + 1303. List the prime factors of a.
3, 7, 23
Let o = -27 + 173. Suppose -o + 1474 = 2*b. Suppose 0 = 5*s + 3*r - b, -515 = -0*s - 4*s + 3*r. List the prime factors of s.
131
Let s = -28402 + 44567. What are the prime factors of s?
5, 53, 61
Let k(n) = 2*n**3 - 4*n**2 - 7*n - 7. Let p be k(7). Let h = p - -678. What are the prime factors of (-5)/(-2)*h/20?
139
Let a = 12835 - 5692. List the prime factors of a.
3, 2381
Let u = 9730 + -7352. What are the prime factors of u?
2, 29, 41
Suppose f = -4*f - 25, 0 = 3*n - f - 5. Suppose n*k = -3*k + 9. Suppose -7*j + 742 = -3*j - k*x, -191 = -j - 2*x. What are the prime factors of j?
11, 17
Suppose -3*c - 42*f = -44*f - 83411, 5*c = 4*f + 139013. What are the prime factors of c?
27809
Suppose 0 = 3*k - 0*w - 3*w + 2295, 3*w + 1555 = -2*k. Let m be k/(-12) - 17/102. Suppose 65*j = m*j + 111. What are the prime factors of j?
3, 37
Let u(x) = 108*x - 3. Let t be ((-10)/(-5))/(2/29). Let n = 30 - t. List the prime factors of u(n).
3, 5, 7
Let y(r) = -28*r**3 + 12*r**2 + 55*r - 34. What are the prime factors of y(-5)?
3491
Let i(s) = 0*s - 11*s + 10 - 46 - 27. Let z(k) = -11*k + 3. Let u be z(2). What are the prime factors of i(u)?
2, 73
Let w = 12285 - 8615. List the prime factors of w.
2, 5, 367
Suppose 88 = 31*o - 30*o. Let h = 272 - o. What are the prime factors of h?
2, 23
Let y = -2211 + 10133. What are the prime factors of y?
2, 17, 233
Let q(s) = -336*s**3 + 28*s**2 + 106*s - 14. What are the prime factors of q(-4)?
2, 31, 347
Let i(j) = -j**3 - 17*j**2 + 53*j + 26. Let y be i(-22). Suppose 22*k = 18*k + y. What are the prime factors of k?
2, 5
Let d(v) = -2*v**2 + 8*v. Let n(y) = 3*y**2 - 9*y + 1. Let w(k) = 4*d(k) + 3*n(k). Let q be w(-5). Suppose 6*r - 402 = q*r. What are the prime factors of r?
2, 67
Let k(j) be the second derivative of j**4/12 + j**3 + 3*j**2 + 1366*j + 2. Suppose -u + 5*s = -3*u - 9, 5*s = -25. List the prime factors of k(u).
2, 59
Let c be 12*(6/15)/(3/(-40)). Let h = c + 100. Suppose -7*y + h + 97 = 0. List the prime factors of y.
19
Let y be (12/10)/((-243)/(-4050)). List the prime factors of (-6)/y*-4*(-26080)/(-24).
2, 163
Let o = 10085 - 411. What are the prime factors of o?
2, 7, 691
Let v(n) = -2*n**3 - 44*n**2 + 73*n + 776. What are the prime factors of v(-32)?
2, 5, 11, 43
Let c(k) = -k**3 + 11*k**2 - 19*k + 14. Let z be c(9). Suppose z*a - 18 = 3*a + 5*t, 2*a - t - 34 = 0. What are the prime factors of 2/a - 21532/(-133)?
2, 3
Suppose -1620689 = -141*x + 775183. List the prime factors of x.
2, 3, 59
Let t(q) = -82*q - 631. List the prime factors of t(-26).
19, 79
Suppose 5*r - 4*v - 49 = 0, r + 5*v - 5 = -1. Let n(t) = -t**3 + 8*t**2 + 9*t - 12. Let k be n(r). Let j(z) = -9*z - 26. List the prime factors of j(k).
2, 41
List the prime factors of (6*(1951 + -8))/(20/90).
3, 29, 67
Let s = 24079 - 14198. What are the prime factors of s?
41, 241
Suppose -25621 = -3*b - 5*y, -3*b + 28204 = 2*y + 2589. What are the prime factors of b?
8537
Let l = 3 - 1. Suppose 7*s + 338 - 338 = 0. Suppose -4*r - 2*f + 33 + 21 = s, -4*f - 2 = -l*r. List the prime factors of r.
11
Suppose 50*p - 216 = -23*p + 46*p. Let o(c) = -c**3 - 4*c**2 + 3*c - 2. Let r be o(-5). List the prime factors of (-192)/r*(-18)/p.
2, 3
Let k(w) = 119*w**3 + 7*w**2 - 5*w + 3. Let t = 586 - 584. What are the prime factors of k(t)?
7, 139
Suppose -6*j + 3435 + 5469 = 3936. List the prime factors of j.
2, 3, 23
Suppose 43*j - 45*j + 6 = 0. Suppose 3*z = -4*f + 74, -j*z + 55 = -5*f - 1. Suppose -z = -2*q + q - 4*u, q + 5*u - 19 = 0. List the prime factors of q.
2, 17
Suppose -19*b + 3836 + 1788 = 0. Let s = -177 + b. List the prime factors of s.
7, 17
Let j(w) = -166*w**2 + 17*w - 25. Let s be j(-11). What are the prime factors of (4/(-3))/(17/s)?
2, 199
Let j = 6445 - -8402. What are the prime factors of j?
3, 7, 101
What are the prime factors of 0/(156/(-12)) - -2654?
2, 1327
Let v = -184 - -189. Suppose p - 4*i = 536, -v*p + 1311 = 3*i - 1323. What are the prime factors of p?
2, 3, 11
Suppose -45483 = 4*h - 11*h + 15158. What are the prime factors of h?
8663
Let k(o) = -456*o - 76. Let r be k(-7). Suppose -4*z - r = -3*w, -7*w - 3*z = -6*w - 1017. List the prime factors of w.
2, 3, 43
What are the prime factors of (-16804)/5*(16 - (-111)/(-6))?
2, 4201
Let s be (1 + 17)*(-5)/15. List the prime factors of s/5*(-1 + (-5035)/15).
2, 101
Let q be (1/(-3))/((-7)/(-105)). Let u be 216/(-15)*q/1. Suppose -4*i - 58 = -2*t, -3*t + 3*i = -0*t - u. List the prime factors of t.
19
Let c(f) = -141*f**2 + 2*f. Let l be c(-1). Let w be l/(-22)*(-1)/(-1)*-16. What are the prime factors of (806/w)/(2/(-8))?
31
Let j(g) = g**3 - 3*g**2 + 11*g + 32. Let f be ((144/30)/4)/((-3)/(-30)). What are the prime factors of j(f)?
2, 5, 73
Let h(y) = -929*y + 275. What are the prime factors of h(-1)?
2, 7, 43
Let n = 364 + -320. List the prime factors of 6641/5 - n/220.
2, 83
Suppose -10*j + 625 - 265 = 0. Suppose -j*h + 2808 = -24*h. List the prime factors of h.
2, 3, 13
Let p(v) = -v**2 - 15*v + 3. Let m(j) = 2*j**2 + 17*j - 3. Let f(w) = 2*m(w) + 3*p(w). What are the prime factors of f(-8)?
5, 31
Let k(b) = 58*b**2 - 10*b + 44. Let c be k(5). Let n = c - 687. Suppose 3*r = -f + 584, 4*r - 2*f - n = f. List the prime factors of r.
193
Suppose 5*q = 0, -19*p + 4*q = -22*p + 12. Let y(t) be the second derivative of t**4/12 - 2*t**3/3 + 9*t**2/2 - t. List the prime factors of y(p).
3
Let c = -423 - -3308. What are the prime factors of c?
5, 577
Let w(o) = 223*o**2 + 352*o - 131. What are the prime factors of w(12)?
5, 13, 557
Suppose 144*o + 12159 = 153*o. List the prime factors of o.
7, 193
Suppose -3*l + 32108 = 5*x, 3*l + 12019 = 2*x - 841. List the prime factors of x.
2, 11, 73
Suppose h - 39 = -2*j, 6*j = j + h + 87. Suppose 7*d + j*d - 13425 = 0. What are the prime factors of d?
3, 179
What are the prime factors of 0 - 1*4 - (-48 - (-30 - -24147))?
37, 653
Let h(b) = 9*b**2 - 4*b + 6. Suppose -x - 75 = -5*f, -5*f + 5*x = 2*x - 65. Suppose 2*t - 2 + f = -2*s, -2*t - 20 = 4*s. What are the prime factors of h(t)?
2, 83
Suppose -5173*t + 5146*t + 235602 = 0. What are the prime factors of t?
2, 4363
What are the prime factors of 1005/145 - 7 - 13190840/(-232)?
56857
Suppose -2*k = 2*o - 99534, -11*k = -6*k - 3*o - 248899. List the prime factors of k.
5, 11, 181
Let x(a) = a**2 + 6*a - 7. Let b = -4 + -4. Let m be x(b). Suppose 40 = m*j - j. What are the prime factors of j?
5
Let h(s) = -212*s - 4. Let q(g) = 209*g + 3. Let d(b) = 2*h(b) + 3*q(b). What are the prime factors of d(2)?
11, 37
Let v = 43 - 40. Suppose -2*s = -v*i + 5*i - 14, -5 = i. Suppose 2*c - 3*x - s - 48 = 0, 0 = -4*c - 5*x + 164. What are the prime factors of c?
2, 3
Suppose 12*h - 93 = 123. Suppose 3*p - h = p - 3*n, 3*n - 24 = -4*p. List the prime factors of 199 - (-5 - (2 - p)).
7, 29
Suppose 4*s = 2*w - 14, 2*w + 4*s + 0 = 6. Suppose 3*k - 172 = -0*h - 4*h, -335 = -w*k + 3*h. What are the prime factors of k?
2
What are the prime factors of ((-8)/(-7))/(-2) + (200877/21 - -3)?
2, 13, 23
Suppose 12*p - 14*p - 252 = -2*c, 0 = -4*c - 3*p + 539. Suppose z - c = -0*z. What are the prime factors of z?
131
Suppose 136569 = -0*b + 10*b + 3109. What are the prime factors of b?
2, 6673
Suppose -7500 = 2779*b - 2784*b. What are the prime factors of b?
2, 3, 5
Let p be (-2)/(-3)*(5 + 87 + -5). Suppose p*j - 53*j = 1540. What are the prime factors of j?
2, 7, 11
Let w = 38 - 43. Let d be -1 + (w*(-2)/5 - -1). Suppose 3*g = -g - 2*j + 754, d*g - j - 371 = 0. What are the prime factors of g?
11, 17
Let c(z) = z**3 + 10*z**2 + 18*z + 16. Let m be c(-8). Suppose m = 